{"id":53,"date":"2016-08-16T13:53:10","date_gmt":"2016-08-16T11:53:10","guid":{"rendered":"http:\/\/eigeninitiative-berlin.de\/kpe\/?page_id=53"},"modified":"2022-04-06T13:27:03","modified_gmt":"2022-04-06T11:27:03","slug":"ehrenamt","status":"publish","type":"page","link":"https:\/\/eigeninitiative-berlin.de\/kpe\/ehrenamt\/","title":{"rendered":"Ehrenamt"},"content":{"rendered":"<h2><span style=\"color: #339966;\">Schenken Sie anderen Ihr Strahlen!<\/span><\/h2>\n<h3>Ehrenamt in der Unterst\u00fctzung von pflegenden Angeh\u00f6rigen<\/h3>\n<p>In folgenden T\u00e4tigkeitsfeldern k\u00f6nnen Sie sich engagieren:<\/p>\n<ul>\n<li>\n<h3><span style=\"color: #339966;\">ehrenamtliche Besuche &#8222;WegbegleiterIn&#8220;<\/span><\/h3>\n<p>Haben Sie Lust und Freude daran, Familien und alleinlebende Menschen ein St\u00fcck auf dem Lebensweg zu begleiten?<br \/>\nSchenken Sie Zeit f\u00fcr gemeinsame Spazierg\u00e4nge, f\u00fcrs Lesen oder Spielen, Bilderanschauen oder einem Besuch auf dem Markt &#8211; Zeit f\u00fcr Gespr\u00e4che, f\u00fcrs Zuh\u00f6ren und Dasein.<br \/>\nInteressante Menschen und ihre Geschichten warten auf Sie!<\/li>\n<li>\n<h3><span style=\"color: #339966;\">Gespr\u00e4chsgruppen-Begleitung<\/span><\/h3>\n<p>Sie sind aufgeschlossen, k\u00f6nnen auf Menschen zugehen und gut zuh\u00f6ren?<br \/>\nSchenken Sie diese F\u00e4higkeiten Menschen, die zu Hause ihre Angeh\u00f6rigen betreuen oder pflegen. Begleiten Sie als Gespr\u00e4chspartner\/in oder Zuh\u00f6rer\/in Gespr\u00e4chsgruppen.<br \/>\nEine spannende Aufgabe wartet auf Sie!<\/li>\n<li>\n<h3><span style=\"color: #339966;\">Nachbarschaftsinitiativen<\/span><\/h3>\n<p>Menschen in besonderer Lebenssituation der Pflege zu begleiten und ihnen R\u00fcckhalt geben, sind wesentliche Anliegen der Kontaktstelle PflegeEngagemenet. Die entgegengebrachte Wertsch\u00e4tzung und Anerkennung sollte jedoch viel weiter greifen: ein verst\u00e4ndnisvolles und hilfsbereites Umfeld ist dabei unabdingbar. Aus diesem Grund unterst\u00fctzen wir Nachbarschaftsprojekte und Initiativen, welche f\u00fcr ein Miteinander stehen und gemeinsam f\u00fcr Menschen Sorge tragen.<\/p>\n<p>Die Initiative Demenzfreundlich! Treptow-K\u00f6penick und das Netzwerk &#8222;Leben im Kiez&#8220; freuen sich jederzeit auf Unterst\u00fctzung. Gern stellen wir den Kontakt her.<\/li>\n<li>\n<h3><span style=\"color: #339966;\">&#8222;Flei\u00dfige H\u00e4nde&#8220; und \u00d6ffentlichkeitsarbeit<\/span><\/h3>\n<p>Sie haben nicht regelm\u00e4\u00dfig Zeit, m\u00f6chten sich dennoch ehrenamtlich engagieren?<br \/>\nSchenken Sie uns Ihre tatkr\u00e4ftige Untertst\u00fczung und helfen uns bei der Verteilung von Informationsmaterialen, der B\u00fcroarbeit oder der Organisation von Festen, Standbetreuungen oder \u00e4hnlichen Aktivit\u00e4ten im Bezirk.<br \/>\nNette und engagierte Akteure im Bezirk freuen sich auf Sie.<\/li>\n<\/ul>\n<p>Oder w\u00e4re dies etwas f\u00fcr Sie?<\/p>\n<ul>\n<li>\n<h3><span style=\"color: #339966;\">Gefragt und bew\u00e4hrt: Die ehrenmatliche Beratung zur Patientenverf\u00fcgung.<\/span><\/h3>\n<p>Organisiert und begleitet von der Zentralen Anlaufstelle Hospiz vom UNIONHILFSWERK werden regelm\u00e4\u00dfig Beraterkurse zum Verfassen einer Patientenverf\u00fcgung angeboten. In einer einw\u00f6chigen Schulung vermitteln Experten aus Medizin, Ethik, Recht und Gesellschaftspolitik das notwendige Fachwissen und st\u00e4rken Ihre Kompetenzen in Gespr\u00e4chsf\u00fchrung und Beratung.<br \/>\nAnschlie\u00dfend k\u00f6nnen Sie mit Ihrem Wissen Menschen bei dem Thema Patientenverf\u00fcgung ehrenamtlich untertst\u00fctzen. Die Kontaktstelle PflegeEngagement stellt hierf\u00fcr ihre R\u00e4umlichkeiten zur Verf\u00fcgung und begleitet Sie gemeinsam mit dem Hospizdienst bei Ihrer T\u00e4tigkeit.<\/li>\n<\/ul>\n<h3>Wir bieten:<\/h3>\n<ul>\n<li>Fortbildungen und Schulungen<\/li>\n<li>Versicherungsschutz<\/li>\n<li>Aufwandsentsch\u00e4digung<\/li>\n<li>Anerkennungskultur &#8222;Wir sagen Danke!&#8220;<\/li>\n<li>regelm\u00e4\u00dfige Austauschtreffen<\/li>\n<li>ein tolles Team<\/li>\n<li>Menschen, die sich auf Sie freuen<\/li>\n<\/ul>\n<p style=\"text-align: left;\"><span style=\"color: #339966;\">Sie sind herzlich willkomen!<\/span><\/p>\n<p style=\"text-align: left;\"><span style=\"color: #339966;\">Melden Sie sich bei uns. Gern laden wir Sie zu einem pers\u00f6nlichen Gespr\u00e4ch ein.<\/span><\/p>\n","protected":false},"excerpt":{"rendered":"<p>Schenken Sie anderen Ihr Strahlen! Ehrenamt in der Unterst\u00fctzung von pflegenden Angeh\u00f6rigen In folgenden T\u00e4tigkeitsfeldern k\u00f6nnen Sie sich engagieren: ehrenamtliche Besuche &#8222;WegbegleiterIn&#8220; Haben Sie Lust und Freude daran, Familien und alleinlebende Menschen ein St\u00fcck auf dem Lebensweg zu begleiten? Schenken<\/p>\n","protected":false},"author":6,"featured_media":0,"parent":0,"menu_order":0,"comment_status":"closed","ping_status":"closed","template":"","meta":{"footnotes":""},"class_list":["post-53","page","type-page","status-publish","hentry"],"publishpress_future_action":{"enabled":false,"date":"2026-05-13 11:19:08","action":"change-status","newStatus":"draft","terms":[],"taxonomy":"","extraData":[]},"publishpress_future_workflow_manual_trigger":{"enabledWorkflows":[]},"_links":{"self":[{"href":"https:\/\/eigeninitiative-berlin.de\/kpe\/wp-json\/wp\/v2\/pages\/53","targetHints":{"allow":["GET"]}}],"collection":[{"href":"https:\/\/eigeninitiative-berlin.de\/kpe\/wp-json\/wp\/v2\/pages"}],"about":[{"href":"https:\/\/eigeninitiative-berlin.de\/kpe\/wp-json\/wp\/v2\/types\/page"}],"author":[{"embeddable":true,"href":"https:\/\/eigeninitiative-berlin.de\/kpe\/wp-json\/wp\/v2\/users\/6"}],"replies":[{"embeddable":true,"href":"https:\/\/eigeninitiative-berlin.de\/kpe\/wp-json\/wp\/v2\/comments?post=53"}],"version-history":[{"count":6,"href":"https:\/\/eigeninitiative-berlin.de\/kpe\/wp-json\/wp\/v2\/pages\/53\/revisions"}],"predecessor-version":[{"id":1157,"href":"https:\/\/eigeninitiative-berlin.de\/kpe\/wp-json\/wp\/v2\/pages\/53\/revisions\/1157"}],"wp:attachment":[{"href":"https:\/\/eigeninitiative-berlin.de\/kpe\/wp-json\/wp\/v2\/media?parent=53"}],"curies":[{"name":"wp","href":"https:\/\/api.w.org\/{rel}","templated":true}]}}