{"id":496,"date":"2018-02-07T11:01:15","date_gmt":"2018-02-07T10:01:15","guid":{"rendered":"http:\/\/eigeninitiative-berlin.de\/kpe\/?page_id=496"},"modified":"2022-02-01T09:57:15","modified_gmt":"2022-02-01T08:57:15","slug":"beratung","status":"publish","type":"page","link":"https:\/\/eigeninitiative-berlin.de\/kpe\/beratung\/","title":{"rendered":"Beratung"},"content":{"rendered":"<h2>Sie sind f\u00fcr andere da. Wir sind f\u00fcr Sie da.<\/h2>\n<p>Zuh\u00f6ren, Verst\u00e4ndnis zeigen, Halt bekommen und wieder neue Kraft gewinnen, sind Dinge die wir uns w\u00fcnschen, wenn wir uns anderen Menschen anvertrauen. Familie und Freunde z\u00e4hlen oft zu den engsten Menschen, an die wir uns wenden. Doch gibt es manchmal Situationen, in denen wir einen fachlichen Rat brauchen. Manchmal brauchen wir Menchen, die mit einem gewissen Abstand auf das Geschehen schauen und ein anderes Mal brauchen wir Menschen, die gerade \u00e4hnliche Erfahrungen machen wie ich.<br \/>\nMit unseren Gespr\u00e4chs- und Gruppenangeboten versuchen wir f\u00fcr genau diese Situationen da zu sein.<\/p>\n<div class=\"omsc-toggle\"><div class=\"omsc-toggle-title\">vertrauliche Gespr\u00e4che<\/div><div class=\"omsc-toggle-inner\"> Wir haben ein offenes Ohr f\u00fcr Anliegen und nehmen uns gern Zeit f\u00fcr Sie. Unsere vertraulichen Gespr\u00e4che geben Halt und Orientierung. Gern k\u00f6nnen Sie sich per Telefon oder Mail an uns wenden. <span style=\"color: #800000;\">W\u00fcnschen Sie sich ein pers\u00f6nliches Gespr\u00e4ch, so bitten wir Sie um vorherige telefonische Anmeldung. <\/span><\/p>\n<p>Psychologische ONLINE-Beratung f\u00fcr pflegende Angeh\u00f6rige finden Sie unter <a href=\"http:\/\/www.pflegen-und-leben.de\/\">pflegen-und-leben.de <\/a><\/p>\n<p><\/div><\/div>\n<div class=\"omsc-toggle\"><div class=\"omsc-toggle-title\">Beratung zur Patientenverf\u00fcgung<\/div><div class=\"omsc-toggle-inner\"> Gemeinsam mit der <em>Hospiz- Anlaufstelle vom Unionhilfswerk<\/em> bieten wir eine individuelle Beratung zum Thema Patientenverf\u00fcgung an. In der Beratung erfahren Sie alles wissenswertes rund um die Patientenverf\u00fcgung und haben die M\u00f6glichkeit Ihre eigene Patientenverf\u00fcgung zu verfassen. Bitte nehmen Sie mit uns Kontakt auf, so k\u00f6nnen wir alle weiteren Einzelheiten kl\u00e4ren.<\/p>\n<p><\/div><\/div>\n<div class=\"omsc-toggle\"><div class=\"omsc-toggle-title\">Information und Auskunft<\/div><div class=\"omsc-toggle-inner\"> Informiert zu sein, ist oft der erste Schritt zur Entlastung. So geben wir Ihnen Auskunft \u00fcber Hilfs- und Unterst\u00fctzungsangebote oder vermitteln bei Bedarf an spezialisierte Beratungsstellen. Gern k\u00f6nnen Sie auch unsere <a href=\"http:\/\/eigeninitiative-berlin.de\/kpe\/berlin\/veranstaltungen\/\">Informationsveranstaltungen <\/a>besuchen.<\/p>\n<p><\/div><\/div>\n<div class=\"omsc-toggle\"><div class=\"omsc-toggle-title\">Selbsthilfe \/ Gespr\u00e4chsgruppen<\/div><div class=\"omsc-toggle-inner\"><\/p>\n<p>In Gespr\u00e4chsgruppen finden Sie Menschen, die sich in einer \u00e4hnlichen Lebenssituation befinden. Die Gruppen sind gepr\u00e4gt von Verst\u00e4ndnis und wechselseitiger Unterst\u00fctzung. Sie werden ehrenamtlich und fachlich begleitet.<\/p>\n<p>Sie m\u00f6chten sich einer Gruppe anschlie\u00dfen oder eventuell eine neue gr\u00fcnden? Wir unterst\u00fctzen Sie dabei.<\/p>\n<p>Unsere Gruppenangebote finden Sie hier:<a href=\"http:\/\/eigeninitiative-berlin.de\/kpe\/gruppen\/\"> Gruppenangebote<\/a><\/p>\n<p><span style=\"color: #800000;\">Bitte beachten Sie, dass unsere Gruppenangebote aufgrund der aktuellen Schutzma\u00dfnahmen nicht vollumf\u00e4nglich angeboten werden. Bitte erfragen Sie unsere Angebote telefonisch oder per Mail.<br \/>\n<\/span><\/p>\n<p><\/div><\/div>\n","protected":false},"excerpt":{"rendered":"<p>Sie sind f\u00fcr andere da. Wir sind f\u00fcr Sie da. Zuh\u00f6ren, Verst\u00e4ndnis zeigen, Halt bekommen und wieder neue Kraft gewinnen, sind Dinge die wir uns w\u00fcnschen, wenn wir uns anderen Menschen anvertrauen. Familie und Freunde z\u00e4hlen oft zu den engsten<\/p>\n","protected":false},"author":5,"featured_media":0,"parent":0,"menu_order":0,"comment_status":"closed","ping_status":"closed","template":"","meta":{"footnotes":""},"class_list":["post-496","page","type-page","status-publish","hentry"],"publishpress_future_action":{"enabled":false,"date":"2026-05-11 14:20:04","action":"change-status","newStatus":"draft","terms":[],"taxonomy":"","extraData":[]},"publishpress_future_workflow_manual_trigger":{"enabledWorkflows":[]},"_links":{"self":[{"href":"https:\/\/eigeninitiative-berlin.de\/kpe\/wp-json\/wp\/v2\/pages\/496","targetHints":{"allow":["GET"]}}],"collection":[{"href":"https:\/\/eigeninitiative-berlin.de\/kpe\/wp-json\/wp\/v2\/pages"}],"about":[{"href":"https:\/\/eigeninitiative-berlin.de\/kpe\/wp-json\/wp\/v2\/types\/page"}],"author":[{"embeddable":true,"href":"https:\/\/eigeninitiative-berlin.de\/kpe\/wp-json\/wp\/v2\/users\/5"}],"replies":[{"embeddable":true,"href":"https:\/\/eigeninitiative-berlin.de\/kpe\/wp-json\/wp\/v2\/comments?post=496"}],"version-history":[{"count":10,"href":"https:\/\/eigeninitiative-berlin.de\/kpe\/wp-json\/wp\/v2\/pages\/496\/revisions"}],"predecessor-version":[{"id":1088,"href":"https:\/\/eigeninitiative-berlin.de\/kpe\/wp-json\/wp\/v2\/pages\/496\/revisions\/1088"}],"wp:attachment":[{"href":"https:\/\/eigeninitiative-berlin.de\/kpe\/wp-json\/wp\/v2\/media?parent=496"}],"curies":[{"name":"wp","href":"https:\/\/api.w.org\/{rel}","templated":true}]}}